{"id":2190,"date":"2023-01-06T02:15:23","date_gmt":"2023-01-06T02:15:23","guid":{"rendered":"https:\/\/www.mlcsound.com\/content\/?post_type=essential_grid&#038;p=2190"},"modified":"2026-04-17T18:17:53","modified_gmt":"2026-04-17T18:17:53","slug":"los-jefes","status":"publish","type":"essential_grid","link":"https:\/\/www.mlcsound.com\/content\/essential_grid\/los-jefes\/","title":{"rendered":"Los Jefes"},"content":{"rendered":"\n<p><strong>Los Jefes.&nbsp; <\/strong><\/p>\n\n\n\n<p>Conducida por <strong>\u00c1lvaro &#8220;El Brujo&#8221; Morales<\/strong>, acompa\u00f1ado por el legendario <strong>Ricardo &#8220;Tuca&#8221; Ferretti, Dionisio Estrada, Fernando Cevallos, Carlos Hermosillo y Juan Carlos Gabriel De Anda.<\/strong> Los Jefes es la mesa m\u00e1s caliente del deporte en la radio. De lunes a viernes, a partir de las 2PM EST, este equipo de \u00e9lite mezcla experiencia, pol\u00e9mica y an\u00e1lisis sin filtros. Opiniones fuertes, debates encendidos y la voz de quienes realmente saben. Aqu\u00ed no hay favorito solo la verdad del deporte.<\/p>\n\n\n\n<p>De lunes de viernes a partir de las 2PM EST<\/p>\n\n\n\n<p>Somos Los Jefes&#8230;. La mesa m\u00e1s picante de la radio<\/p>\n\n\n\n<p><strong>Ll\u00e1mame para m\u00e1s informaci\u00f3n 404.547.4007<\/strong> o env\u00eda e mail: <a href=\"mailto:David@EnelAire.Audio\">David@EnelAire.Audio<\/a><\/p>\n\n\n\n<h3 class=\"wp-block-heading\">Informaci\u00f3n T\u00e9cnica<\/h3>\n\n\n\n<ul class=\"wp-block-list\">\n<li>Duraci\u00f3n 1 Hora.<\/li>\n\n\n\n<li>3 Segmentos.<\/li>\n\n\n\n<li>52 Min Contenido.<\/li>\n\n\n\n<li>8 Min Spots Local.<\/li>\n\n\n\n<li>Disponible 1PM EST.<\/li>\n\n\n\n<li>Envio FTP, DropBox o Sistema Local.<\/li>\n\n\n\n<li>Www.MLCSound.Com<\/li>\n<\/ul>\n\n\n\n<div class=\"wp-block-buttons is-content-justification-center is-layout-flex wp-container-core-buttons-is-layout-16018d1d wp-block-buttons-is-layout-flex\">\n<div class=\"wp-block-button\"><a class=\"wp-block-button__link has-vivid-purple-background-color has-background wp-element-button\" href=\"https:\/\/www.dropbox.com\/scl\/fo\/42cmvx3556y9mp7hen6px\/AKDXP3A_SMn39ckhHNGRkvI?rlkey=l8pmhvodulffhuwjshc68x59c&amp;dl=0\" target=\"_blank\" rel=\"noreferrer noopener\">Programa Completo en Dropbox<\/a><\/div>\n<\/div>\n\n\n\n<div style=\"height:100px\" aria-hidden=\"true\" class=\"wp-block-spacer\"><\/div>\n\n\n","protected":false},"excerpt":{"rendered":"<p>Los Jefes.&nbsp; Conducida por \u00c1lvaro &#8220;El Brujo&#8221; Morales, acompa\u00f1ado por el legendario Ricardo &#8220;Tuca&#8221; Ferretti,&hellip;<\/p>\n","protected":false},"author":1,"featured_media":2617,"template":"","tags":[],"class_list":["post-2190","essential_grid","type-essential_grid","status-publish","has-post-thumbnail","hentry","essential_grid_category-shows-lunes-viernes-1h-dep"],"_links":{"self":[{"href":"https:\/\/www.mlcsound.com\/content\/wp-json\/wp\/v2\/essential_grid\/2190","targetHints":{"allow":["GET"]}}],"collection":[{"href":"https:\/\/www.mlcsound.com\/content\/wp-json\/wp\/v2\/essential_grid"}],"about":[{"href":"https:\/\/www.mlcsound.com\/content\/wp-json\/wp\/v2\/types\/essential_grid"}],"author":[{"embeddable":true,"href":"https:\/\/www.mlcsound.com\/content\/wp-json\/wp\/v2\/users\/1"}],"wp:featuredmedia":[{"embeddable":true,"href":"https:\/\/www.mlcsound.com\/content\/wp-json\/wp\/v2\/media\/2617"}],"wp:attachment":[{"href":"https:\/\/www.mlcsound.com\/content\/wp-json\/wp\/v2\/media?parent=2190"}],"wp:term":[{"taxonomy":"post_tag","embeddable":true,"href":"https:\/\/www.mlcsound.com\/content\/wp-json\/wp\/v2\/tags?post=2190"}],"curies":[{"name":"wp","href":"https:\/\/api.w.org\/{rel}","templated":true}]}}

<p><strong>Los Jefes.&nbsp; </strong></p>



<p>Conducida por <strong>Álvaro &#8220;El Brujo&#8221; Morales</strong>, acompañado por el legendario <strong>Ricardo &#8220;Tuca&#8221; Ferretti, Dionisio Estrada, Fernando Cevallos, Carlos Hermosillo y Juan Carlos Gabriel De Anda.</strong> Los Jefes es la mesa más caliente del deporte en la radio. De lunes a viernes, a partir de las 2PM EST, este equipo de élite mezcla experiencia, polémica y análisis sin filtros. Opiniones fuertes, debates encendidos y la voz de quienes realmente saben. Aquí no hay favorito solo la verdad del deporte.</p>



<p>De lunes de viernes a partir de las 2PM EST</p>



<p>Somos Los Jefes&#8230;. La mesa más picante de la radio</p>



<p><strong>Llámame para más información 404.547.4007</strong> o envía e mail: <a href="mailto:David@EnelAire.Audio">David@EnelAire.Audio</a></p>



<h3 class="wp-block-heading">Información Técnica</h3>



<ul class="wp-block-list">
<li>Duración 1 Hora.</li>



<li>3 Segmentos.</li>



<li>52 Min Contenido.</li>



<li>8 Min Spots Local.</li>



<li>Disponible 1PM EST.</li>



<li>Envio FTP, DropBox o Sistema Local.</li>



<li>Www.MLCSound.Com</li>
</ul>



<div class="wp-block-buttons is-content-justification-center is-layout-flex wp-container-core-buttons-is-layout-16018d1d wp-block-buttons-is-layout-flex">
<div class="wp-block-button"><a class="wp-block-button__link has-vivid-purple-background-color has-background wp-element-button" href="https://www.dropbox.com/scl/fo/42cmvx3556y9mp7hen6px/AKDXP3A_SMn39ckhHNGRkvI?rlkey=l8pmhvodulffhuwjshc68x59c&amp;dl=0" target="_blank" rel="noreferrer noopener">Programa Completo en Dropbox</a></div>
</div>



<div style="height:100px" aria-hidden="true" class="wp-block-spacer"></div>

<p>Los Jefes.&nbsp; Conducida por Álvaro &#8220;El Brujo&#8221; Morales, acompañado por el legendario Ricardo &#8220;Tuca&#8221; Ferretti,&hellip;</p>
